lculate the highest common divisor of 90435513 and 84.
21
What is the highest common divisor of 3690 and 929320?
10
What is the greatest common divisor of 575 and 457097975?
575
Calculate the highest common factor of 31578 and 26771.
19
Calculate the greatest common factor of 23653 and 76384.
217
Calculate the highest common divisor of 2289 and 42337671.
327
Calculate the highest common divisor of 82263 and 23477.
17
What is the highest common divisor of 1426 and 303830?
46
Calculate the highest common factor of 27839 and 248542.
287
What is the greatest common divisor of 685425 and 7150?
325
Calculate the greatest common divisor of 20820 and 20400.
60
What is the greatest common divisor of 18 and 47928870?
18
Calculate the highest common factor of 39021728 and 13823.
601
What is the highest common divisor of 13419 and 605577?
21
Calculate the highest common divisor of 126936 and 83968.
328
Calculate the highest common factor of 65 and 565995885.
65
What is the highest common divisor of 4606 and 303573?
47
Calculate the greatest common factor of 1706780 and 82541.
1399
What is the highest common divisor of 9 and 184983957?
9
What is the highest common divisor of 230589472 and 36?
4
Calculate the greatest common divisor of 133 and 2248463.
7
What is the greatest common factor of 48008370 and 42?
6
Calculate the greatest common factor of 1832414 and 789428.
2614
What is the greatest common divisor of 1088 and 83874532?
68
What is the highest common factor of 953432 and 56?
8
Calculate the greatest common divisor of 6192 and 150643620.
1548
What is the highest common divisor of 246551369 and 15845?
3169
What is the highest common divisor of 8599200 and 9600?
2400
What is the highest common factor of 3700 and 8543100?
100
What is the highest common factor of 158301 and 3447?
9
Calculate the highest common divisor of 1677 and 12298.
559
What is the greatest common divisor of 89799986 and 282?
94
What is the highest common divisor of 188360 and 138340?
20
Calculate the highest common divisor of 71 and 1230924941.
71
What is the greatest common divisor of 220780564 and 3028?
3028
Calculate the highest common factor of 18025 and 56725.
25
Calculate the highest common factor of 14211351 and 693.
693
Calculate the greatest common factor of 158038751 and 247.
247
What is the greatest common factor of 1996014 and 1422?
474
What is the greatest common divisor of 13602480 and 12464?
304
What is the highest common factor of 282540 and 16830?
510
Calculate the greatest common divisor of 5095420 and 330220.
4180
What is the greatest common divisor of 112 and 186670050?
14
What is the greatest common divisor of 4972 and 562?
2
Calculate the greatest common divisor of 7584 and 3359396.
316
What is the greatest common divisor of 38 and 25342238?
38
Calculate the greatest common divisor of 224883612 and 8532.
2844
Calculate the highest common divisor of 354288 and 18944343.
2013
What is the highest common factor of 1490 and 124843822?
298
What is the greatest common divisor of 58362 and 1928502?
426
What is the highest common factor of 601005 and 88692?
1167
What is the highest common factor of 14775 and 9195225?
75
Calculate the greatest common divisor of 3072708098 and 149.
149
Calculate the highest common factor of 65 and 133379051.
13
What is the highest common divisor of 2885139 and 236311?
383
What is the greatest common factor of 161 and 19412?
23
Calculate the highest common factor of 58001 and 2763467.
1871
What is the highest common divisor of 199368 and 232416?
216
What is the greatest common divisor of 15496 and 16675633?
1937
What is the highest common factor of 8494 and 24662329?
4247
What is the greatest common divisor of 3822 and 1266841394?
1274
What is the highest common factor of 198 and 104326046?
22
Calculate the greatest common factor of 6344 and 210684728.
488
Calculate the highest common divisor of 106142960 and 240.
80
What is the highest common factor of 611982 and 23646?
42
What is the greatest common factor of 5486 and 4715006?
422
What is the highest common factor of 22831600 and 32?
16
Calculate the highest common divisor of 373248 and 153600.
1536
What is the greatest common factor of 4876560 and 7280?
1040
Calculate the highest common factor of 292001908 and 303.
101
What is the highest common factor of 19196268 and 7?
7
What is the greatest common factor of 23568 and 479244?
12
Calculate the highest common factor of 15713226 and 28170.
5634
Calculate the greatest common factor of 8316 and 29212029.
2079
Calculate the greatest common factor of 73249 and 29425.
11
What is the highest common factor of 53694 and 8550?
342
What is the greatest common factor of 17 and 3927255?
17
Calculate the highest common factor of 735 and 865977.
147
Calculate the greatest common divisor of 62098421 and 88.
11
Calculate the highest common factor of 14994 and 29638854.
2142
What is the highest common divisor of 357294 and 104780719?
8507
What is the greatest common factor of 145 and 45265?
5
Calculate the highest common divisor of 6399 and 169376.
79
Calculate the greatest common factor of 8122 and 106547.
31
Calculate the highest common factor of 55505 and 254017.
653
What is the highest common factor of 10080 and 342396?
36
Calculate the greatest common factor of 4599855 and 4485.
195
Calculate the greatest common factor of 10520 and 810.
10
Calculate the highest common divisor of 788461 and 939987.
239
Calculate the greatest common divisor of 31158 and 50597707.
577
Calculate the greatest common factor of 31427984 and 224.
112
Calculate the highest common factor of 491027855 and 145.
145
Calculate the highest common factor of 15011859 and 7009.
43
What is the greatest common divisor of 17516 and 12480452?
604
What is the greatest common divisor of 129639 and 10902?
237
Calculate the highest common divisor of 26366677 and 3349.
3349
What is the greatest common factor of 109276 and 17833?
17
Calculate the highest common factor of 3685 and 2431079255.
3685
What is the greatest common divisor of 378001652 and 42?
14
Calculate the highest common divisor of 564 and 9783.
3
What is the highest common divisor of 3661807 and 506?
23
What is the greatest common factor of 6674 and 924118747?
3337
What is the greatest common factor of 5117 and 3663041?
731
Calculate the greatest common divisor of 13850077 and 5089.
727
Calculate the greatest common divisor of 750 and 14840300.
50
Calculate the greatest common factor of 58 and 16400921.
29
What is the highest common factor of 108 and 1223484?
12
What is the highest common divisor of 853533 and 342?
9
What is the highest common divisor of 177662 and 28?
2
Calculate the greatest common divisor of 28143 and 975565.
59
Calculate the highest common divisor of 646752 and 13248.
96
Calculate the greatest common divisor of 19153161 and 333.
333
Calculate the greatest common factor of 171 and 2026221.
3
What is the greatest common factor of 30184 and 246664?
88
What is the highest common divisor of 24948 and 448011?
81
What is the greatest common divisor of 1131 and 24450?
3
What is the greatest common divisor of 21 and 4091727?
3
Calculate the greatest common factor of 2130 and 17111000.
710
Calculate the greatest common factor of 9724272 and 14020.
2804
Calculate the greatest common factor of 73274168 and 138232.
3736
What is the highest common divisor of 39457 and 21805373?
3587
What is the greatest common divisor of 423 and 14113959?
141
What is the highest common factor of 68 and 21050641?
17
Calculate the greatest common factor of 334 and 71181746.
334
Calculate the greatest common factor of 1440 and 43218720.
1440
What is the highest common factor of 1694081 and 1?
1
What is the highest common factor of 969 and 186426556?
323
Calculate the highest common factor of 98923 and 1531409.
253
What is the greatest common factor of 335208 and 660?
12
What is the greatest common divisor of 1247641032 and 120?
24
What is the highest common divisor of 70048853 and 1414?
707
What is the greatest common divisor of 14204 and 1153492?
212
What is the highest common divisor of 6740 and 1757720?
20
What is the greatest common divisor of 50962230 and 40230?
270
What is the highest common divisor of 6607262 and 26388?
1466
Cal